eatest common divisor of a and 860?
20
Suppose 11*s + 504 = 1329. Let k be (-1)/(-2) + 87/6. What is the highest common factor of s and k?
15
Suppose -341*q + 343*q = 3*l, -2*q - 8 = -4*l. What is the highest common factor of q and 978?
6
Suppose 11*r + 2*r = 195. Let c = r - 21. Let m be (-3)/c*-10 + 41. What is the greatest common divisor of m and 60?
12
Let m = -7635 + 8305. Calculate the greatest common factor of 60 and m.
10
Let v(j) = 31*j + 191. Let d be v(-3). Calculate the greatest common divisor of 35 and d.
7
Let n(k) = 145*k + 16. Let w be n(1). Suppose -w = -13*z + 697. What is the highest common factor of 440 and z?
22
Let l be 1/((-2)/5*(-15)/54). Suppose 896 = l*m + 5*m. What is the greatest common divisor of 224 and m?
32
Suppose 0 = -q - 2*x + 56, 5*x + 52 = 2*q - 105. What is the greatest common factor of 96 and q?
6
Suppose -30863 = -5*w - 4*u, -2*w - 4*u + 9175 + 3175 = 0. Calculate the greatest common factor of w and 17.
17
Let g(b) = -b**2 + b - 6. Let o be g(-5). Let j be (26/(-3))/(4/o). Suppose 8*h - 156 - 260 = 0. What is the greatest common factor of h and j?
26
Suppose 3*f + 4*j = 196, f + 2120*j = 2116*j + 76. What is the highest common factor of f and 15744?
12
Let j = 6 + -10. Let g be (-3 - (2 + j))*-77. Let i = g - 35. What is the greatest common divisor of 126 and i?
42
Suppose 5*s - s = 60. Suppose -5 - s = 4*h. Let w be ((-65)/h + (1 - 4))*1. What is the highest common factor of w and 25?
5
Let m be (4/1)/((-2)/(-2)). Suppose -2*y - 28 = -m*y. Let w be (-60)/(-21)*y/2. Calculate the highest common divisor of w and 20.
20
Suppose -107 = -38*f + 159. Let u be 3/6*(f - -359). Calculate the highest common factor of 122 and u.
61
Let t = 309 + -56. Let l = 313 - t. What is the highest common factor of 240 and l?
60
Let y = -8422 - -8932. What is the highest common factor of y and 10965?
255
Let q(s) = -35*s**3 + 73*s**2 + 73*s - 1. Let r be q(-1). Calculate the highest common factor of r and 4369.
17
Let a be 17/3*(8 - -55). Suppose 0 = 14*r + 455 - 1169. What is the highest common factor of a and r?
51
Suppose 5*k + 4*a - 849 = 0, 4*k = -2*a + 882 - 210. Calculate the greatest common factor of k and 528.
33
Let h = -8775 + 10333. What is the highest common factor of h and 76?
38
Suppose 0 = -4*r - 2*r + 42. Suppose 0 = r*d + 448 - 2023. Calculate the highest common factor of 25 and d.
25
Let y = 81 - -20. Let k = -29 + y. Let x(w) = -6*w. Let q be x(-8). Calculate the highest common divisor of k and q.
24
Suppose 4*w = -5*b + 9241, b + 23*w - 1871 = 26*w. Calculate the highest common divisor of 204 and b.
17
Let m be 5 - (-150)/(-10) - -3575. Calculate the highest common divisor of m and 115.
115
Let u(p) = 10*p**2 + 7*p - 12. Let s be u(-4). Suppose -12*w - 4*w + 32 = 0. Suppose -4*g - g + 34 = w*v, -v = 3. What is the highest common factor of g and s?
8
Let n = -13709 + 15887. What is the highest common divisor of n and 36?
18
Let g(f) be the third derivative of f**5/15 + 5*f**4/24 + 5*f**3/2 + 5*f**2 + 9*f. Let u be g(6). Calculate the greatest common factor of u and 21.
21
Let d(w) = 27*w - 562. Let o be d(21). Suppose 0 = -2*v + 97 - 31. Let l = -8 + v. Calculate the highest common divisor of o and l.
5
Let j be ((-32)/(-24))/((-2)/6) - 5. Let d be j/24 + (-2904)/(-64). Calculate the greatest common factor of d and 15.
15
Suppose -4*o + 8297 = -3*o - 3*d, 2*o + 3*d - 16549 = 0. Calculate the greatest common divisor of 82 and o.
82
Let a(i) = 18*i**2 - 22*i - 523. Let b be a(27). Calculate the highest common factor of 70 and b.
35
Let t = 34891 - 28784. Calculate the highest common factor of t and 788.
197
Suppose -p + 20*s = 22*s - 30, -3*p + 57 = -5*s. Suppose -5*x = 6 - 36. What is the greatest common factor of x and p?
6
Let s be ((-176)/(-33))/((-2)/(-3)). Suppose -r + 150 = 148. Suppose 4*o + 0*o + 21 = -5*m, 5*o - 15 = r*m. What is the greatest common factor of s and o?
1
Let n be 210/(-56)*(-4)/3. Suppose 4*s - 4*w - 40 = 2*s, 0 = -4*s + n*w + 74. What is the greatest common divisor of 176 and s?
16
Let y be (-8)/(-10) - 5380/(-25). Suppose -36 - 132 = -28*l. Calculate the highest common factor of y and l.
6
Let a be 10*(3 + 17/(-6))*201. Let v = 338 - a. What is the greatest common divisor of 27 and v?
3
Suppose 2*u = 5*z - 2*u - 616, z - 116 = -u. Let f be (-2 - 7)/9 - -121*1. Let w be 1/((-2)/8 + 38/f). Calculate the highest common divisor of w and z.
15
Let h(x) = 6*x**2 + 58*x - 16. Let a = 253 + -264. Let b be h(a). What is the greatest common factor of b and 6?
6
Suppose -12*k - 21*k = 18599 - 50807. Calculate the greatest common factor of 240 and k.
16
Suppose -216 = -v - v. Let p = 224 + -214. Let g be -6*((-27)/6)/(p/20). Calculate the highest common divisor of g and v.
54
Let g be -4 + 3 + (0 - (-1 - 3)). Suppose 2*f = g*b - 139 + 29, -5*f + 65 = b. Suppose 2*p + 2*p - 20 = 0. Calculate the highest common factor of b and p.
5
Let g = -518 + 1013. Let x = 2024 + -1994. Calculate the highest common divisor of x and g.
15
Suppose 0 = -s + 32*s - 93. Suppose -4*p = 2*v - 262, -s*p = -2*v - 121 - 58. What is the highest common factor of p and 36?
9
Suppose -295*f = -239*f - 725 - 2131. What is the highest common divisor of f and 493?
17
Let j = 1538 - 1487. Calculate the highest common divisor of j and 1173.
51
Suppose 17 + 16 = 3*l. Let f(x) = -55*x + 1873. Let s be f(34). What is the greatest common factor of s and l?
1
Let q(m) = 26*m - 2. Let h be q(2). Let t(b) = -3814*b**2 - 2 + 3836*b**2 + 177*b + 1 + 64*b. Let d be t(-11). What is the highest common divisor of d and h?
10
Suppose -u - u + 182 = 0. Suppose 111 = 98*c - 575. What is the greatest common divisor of c and u?
7
Let b be (-2)/((-13)/((-18265)/(-10))) + 16/4. What is the greatest common factor of 930 and b?
15
Let a = -90892 + 90946. Suppose w = -3*w + 36. What is the greatest common divisor of w and a?
9
Let f = -73 - -377. Let u(i) = 24*i - 250. Let p be u(12). What is the greatest common divisor of f and p?
38
Let u be (-392)/35*-5 - (12 - 0). What is the greatest common factor of u and 9064?
44
Let s = -100 + 189. Let y = s - 14. Let l(f) = f**3 + 6*f**2 - 4*f + 5. Let c be l(-5). Calculate the greatest common factor of y and c.
25
Let m be ((-30)/4 + 0)*-2. Let v be (49/(-70) + 41/205)/(2/(-12)). Calculate the highest common factor of v and m.
3
Let b(u) = 15*u**3 + u - 2. Let k be b(1). Suppose -7*s = -3*s - 140. Suppose 0 = 20*j - 15*j - s. Calculate the highest common factor of k and j.
7
Let a be 0*(-5)/(-30) + (-116)/(-1). Let b be (4 + 2)*(a/(-6))/(-2). What is the highest common factor of 2 and b?
2
Suppose 0 = -2*g - 8, -206*g + 210*g - 3316 = -k. Calculate the greatest common divisor of k and 49.
49
Let h(m) = m**3 + 6*m**2 + 20*m + 90. Let r be h(-7). Let j = r + 209. Calculate the highest common divisor of j and 88.
22
Suppose 0 = -y - 25 + 33. Suppose -y*t + 1 + 55 = 0. Calculate the greatest common divisor of 343 and t.
7
Let x = 10 - 14. Let f(g) = 4*g**3 - 1 + 8*g**3 - 8*g**3 + 4*g**3 - 10*g**3 - 7*g**2. Let d be f(x). Calculate the highest common factor of 20 and d.
5
Suppose 4*x - 3*x - 2 = 0. Let z(t) = 2*t**3 - 4*t**2 - t + 6. Let j be z(x). Calculate the highest common divisor of j and 5.
1
Suppose -5*j - 8*n + 3*n + 2260 = 0, 5*n = 5. Calculate the highest common factor of 246 and j.
41
Let k(c) = 6*c**3 + 49*c**2 - 20*c + 10. Let d be k(-8). What is the highest common divisor of 1898 and d?
26
Suppose -127*j + 200 = -122*j. Suppose -5*z - 4*v - 725 = 0, -3*z + 7*v = 2*v + 398. Let l = 59 - z. Calculate the greatest common divisor of j and l.
40
Let j(x) = -x**3 - 10*x**2 + 11*x - 3. Let d be j(-11). Let t be ((-555)/45)/(1/d). What is the highest common divisor of 37 and t?
37
Let s = -176 + 992. Suppose -42 - s = 13*x. Let h = x + 105. What is the highest common factor of 3 and h?
3
Suppose 0 = 9*c - 7*c + 5*i - 29, 5*i = 2*c - 79. Suppose -18 = -2*t + 3*g, 3*t + 4*g = -0 + c. Calculate the greatest common divisor of 60 and t.
3
Suppose 11315*r - 11302*r + 1781 = 0. Suppose -5*g - 2*d = 1451, 2*d - 630 + 58 = 2*g. Let u = r - g. What is the greatest common divisor of 8 and u?
8
Let q be (7/(-2))/(1330/(-8360))*686. Calculate the greatest common factor of q and 44.
44
Let i(z) = z + 4. Let r be 